{"id":1436,"date":"2021-11-04T18:19:31","date_gmt":"2021-11-04T17:19:31","guid":{"rendered":"http:\/\/www.fore.fr\/entreprise\/?page_id=1436"},"modified":"2021-11-04T18:19:33","modified_gmt":"2021-11-04T17:19:33","slug":"securite-incendie","status":"publish","type":"page","link":"https:\/\/www.fore.fr\/entreprise\/securite-incendie\/","title":{"rendered":"SECURITE INCENDIE"},"content":{"rendered":"\n<h1 class=\"has-text-color wp-block-heading\" style=\"color:#e70031\"><strong>SECURITE INCENDIE<\/strong><\/h1>\n\n\n\n<h6 class=\"wp-block-heading\">Nous vous proposons une gamme compl\u00e8te de formations professionnelles pour SECURITE INCENDIE.<br>CONSULTEZ > CHOISISSEZ > CONTACTEZ-NOUS !<\/h6>\n\n\n<ul class=\"wp-block-latest-posts__list is-grid columns-2 has-dates wp-block-latest-posts\"><li><a class=\"wp-block-latest-posts__post-title\" href=\"https:\/\/www.fore.fr\/entreprise\/manipulation-dextincteur-sur-feu-reel-mfr-2\/\">MANIPULATION D&rsquo;EXTINCTEUR SUR FEU R\u00c9EL (MFR)<\/a><time datetime=\"2024-11-04T23:50:26+01:00\" class=\"wp-block-latest-posts__post-date\">4 novembre 2024<\/time><\/li>\n<li><a class=\"wp-block-latest-posts__post-title\" href=\"https:\/\/www.fore.fr\/entreprise\/formation-ssi-systeme-de-securite-incendie\/\">FORMATION SSI &#8211; SYST\u00c8ME DE S\u00c9CURIT\u00c9 INCENDIE<\/a><time datetime=\"2024-11-04T23:47:59+01:00\" class=\"wp-block-latest-posts__post-date\">4 novembre 2024<\/time><\/li>\n<li><a class=\"wp-block-latest-posts__post-title\" href=\"https:\/\/www.fore.fr\/entreprise\/formation-de-guide-file-serre-file-2\/\">FORMATION DE GUIDE FILE\/SERRE-FILE<\/a><time datetime=\"2024-11-04T23:43:24+01:00\" class=\"wp-block-latest-posts__post-date\">4 novembre 2024<\/time><\/li>\n<li><a class=\"wp-block-latest-posts__post-title\" href=\"https:\/\/www.fore.fr\/entreprise\/formation-dae-defibrillateur-automatique-externe\/\">FORMATION DAE : D\u00c9FIBRILLATEUR AUTOMATIQUE EXTERNE<\/a><time datetime=\"2024-11-04T23:39:31+01:00\" class=\"wp-block-latest-posts__post-date\">4 novembre 2024<\/time><\/li>\n<li><a class=\"wp-block-latest-posts__post-title\" href=\"https:\/\/www.fore.fr\/entreprise\/devenir-equipier-premiere-intervention-2\/\">DEVENIR \u00c9QUIPIER PREMIERE INTERVENTION<\/a><time datetime=\"2024-11-04T23:36:41+01:00\" class=\"wp-block-latest-posts__post-date\">4 novembre 2024<\/time><\/li>\n<\/ul>\n\n\n<p><\/p>\n","protected":false},"excerpt":{"rendered":"<p>SECURITE INCENDIE Nous vous proposons une gamme compl\u00e8te de formations professionnelles pour SECURITE INCENDIE.CONSULTEZ > CHOISISSEZ > CONTACTEZ-NOUS !<\/p>\n","protected":false},"author":1,"featured_media":0,"parent":0,"menu_order":0,"comment_status":"closed","ping_status":"closed","template":"","meta":{"footnotes":""},"class_list":["post-1436","page","type-page","status-publish","hentry"],"_links":{"self":[{"href":"https:\/\/www.fore.fr\/entreprise\/wp-json\/wp\/v2\/pages\/1436","targetHints":{"allow":["GET"]}}],"collection":[{"href":"https:\/\/www.fore.fr\/entreprise\/wp-json\/wp\/v2\/pages"}],"about":[{"href":"https:\/\/www.fore.fr\/entreprise\/wp-json\/wp\/v2\/types\/page"}],"author":[{"embeddable":true,"href":"https:\/\/www.fore.fr\/entreprise\/wp-json\/wp\/v2\/users\/1"}],"replies":[{"embeddable":true,"href":"https:\/\/www.fore.fr\/entreprise\/wp-json\/wp\/v2\/comments?post=1436"}],"version-history":[{"count":1,"href":"https:\/\/www.fore.fr\/entreprise\/wp-json\/wp\/v2\/pages\/1436\/revisions"}],"predecessor-version":[{"id":1437,"href":"https:\/\/www.fore.fr\/entreprise\/wp-json\/wp\/v2\/pages\/1436\/revisions\/1437"}],"wp:attachment":[{"href":"https:\/\/www.fore.fr\/entreprise\/wp-json\/wp\/v2\/media?parent=1436"}],"curies":[{"name":"wp","href":"https:\/\/api.w.org\/{rel}","templated":true}]}}