{"id":557,"date":"2020-05-19T17:21:24","date_gmt":"2020-05-19T15:21:24","guid":{"rendered":"http:\/\/www.fore.fr\/apprentissage\/?page_id=557"},"modified":"2026-03-13T13:56:13","modified_gmt":"2026-03-13T12:56:13","slug":"le-contrat-dapprentissage","status":"publish","type":"page","link":"https:\/\/www.fore.fr\/idn\/le-contrat-dapprentissage\/","title":{"rendered":"Le Contrat d&rsquo;Apprentissage"},"content":{"rendered":"\n<h1 class=\"wp-block-heading has-text-color\" style=\"color:#e70031\"><strong>Le Contrat d&rsquo;Apprentissage<\/strong><\/h1>\n\n\n\n<figure class=\"wp-block-image size-large\"><a href=\"https:\/\/www.fore.fr\/idn\/wp-content\/uploads\/2026\/01\/A4-CA-CP-FICHE-IDN-JANV_2026-RECTO.jpg\" target=\"_blank\" rel=\"noopener noreferrer\"><img loading=\"lazy\" decoding=\"async\" width=\"724\" height=\"1024\" src=\"https:\/\/www.fore.fr\/idn\/wp-content\/uploads\/2026\/01\/A4-CA-CP-FICHE-IDN-JANV_2026-RECTO-724x1024.jpg\" alt=\"\" class=\"wp-image-3518\" srcset=\"https:\/\/www.fore.fr\/idn\/wp-content\/uploads\/2026\/01\/A4-CA-CP-FICHE-IDN-JANV_2026-RECTO-724x1024.jpg 724w, https:\/\/www.fore.fr\/idn\/wp-content\/uploads\/2026\/01\/A4-CA-CP-FICHE-IDN-JANV_2026-RECTO-212x300.jpg 212w, https:\/\/www.fore.fr\/idn\/wp-content\/uploads\/2026\/01\/A4-CA-CP-FICHE-IDN-JANV_2026-RECTO-768x1087.jpg 768w, https:\/\/www.fore.fr\/idn\/wp-content\/uploads\/2026\/01\/A4-CA-CP-FICHE-IDN-JANV_2026-RECTO-1085x1536.jpg 1085w, https:\/\/www.fore.fr\/idn\/wp-content\/uploads\/2026\/01\/A4-CA-CP-FICHE-IDN-JANV_2026-RECTO-1447x2048.jpg 1447w, https:\/\/www.fore.fr\/idn\/wp-content\/uploads\/2026\/01\/A4-CA-CP-FICHE-IDN-JANV_2026-RECTO.jpg 1500w\" sizes=\"(max-width: 724px) 100vw, 724px\" \/><\/a><\/figure>\n\n\n\n<h1 class=\"wp-block-heading has-text-color\" style=\"color:#e70031\"><strong>Le Contrat de Professionnalisation<\/strong><\/h1>\n\n\n\n<figure class=\"wp-block-image size-large\"><a href=\"https:\/\/www.fore.fr\/idn\/wp-content\/uploads\/2026\/01\/A4-CA-CP-FICHE-IDN-JANV_2026-VERSO.jpg\" target=\"_blank\" rel=\"noopener noreferrer\"><img loading=\"lazy\" decoding=\"async\" width=\"724\" height=\"1024\" src=\"https:\/\/www.fore.fr\/idn\/wp-content\/uploads\/2026\/01\/A4-CA-CP-FICHE-IDN-JANV_2026-VERSO-724x1024.jpg\" alt=\"\" class=\"wp-image-3519\" srcset=\"https:\/\/www.fore.fr\/idn\/wp-content\/uploads\/2026\/01\/A4-CA-CP-FICHE-IDN-JANV_2026-VERSO-724x1024.jpg 724w, https:\/\/www.fore.fr\/idn\/wp-content\/uploads\/2026\/01\/A4-CA-CP-FICHE-IDN-JANV_2026-VERSO-212x300.jpg 212w, https:\/\/www.fore.fr\/idn\/wp-content\/uploads\/2026\/01\/A4-CA-CP-FICHE-IDN-JANV_2026-VERSO-768x1087.jpg 768w, https:\/\/www.fore.fr\/idn\/wp-content\/uploads\/2026\/01\/A4-CA-CP-FICHE-IDN-JANV_2026-VERSO-1085x1536.jpg 1085w, https:\/\/www.fore.fr\/idn\/wp-content\/uploads\/2026\/01\/A4-CA-CP-FICHE-IDN-JANV_2026-VERSO-1447x2048.jpg 1447w, https:\/\/www.fore.fr\/idn\/wp-content\/uploads\/2026\/01\/A4-CA-CP-FICHE-IDN-JANV_2026-VERSO.jpg 1500w\" sizes=\"(max-width: 724px) 100vw, 724px\" \/><\/a><\/figure>\n\n\n\n<hr class=\"wp-block-separator has-css-opacity is-style-wide\"\/>\n\n\n\n<p><mark style=\"background-color:rgba(0, 0, 0, 0);color:#e70031\" class=\"has-inline-color\"><strong>Acc\u00e9der aux fiches : Contrat d&rsquo;Apprentissage \/ Contrat de Professionnalisation :<\/strong><\/mark><\/p>\n\n\n\n<div data-wp-interactive=\"\" class=\"wp-block-file\"><object data-wp-bind--hidden=\"!selectors.core.file.hasPdfPreview\" hidden class=\"wp-block-file__embed\" data=\"https:\/\/www.fore.fr\/idn\/wp-content\/uploads\/2026\/01\/A4-CA-CP-FICHE-IDN-JANV_2026.pdf\" type=\"application\/pdf\" style=\"width:100%;height:600px\" aria-label=\"Contenu embarqu\u00e9 A4-CA-CP-FICHE-IDN-JANV_2026.\"><\/object><a id=\"wp-block-file--media-6fab6231-da89-48e9-8036-acbbcd9c4387\" href=\"https:\/\/www.fore.fr\/idn\/wp-content\/uploads\/2026\/01\/A4-CA-CP-FICHE-IDN-JANV_2026.pdf\">A4-CA-CP-FICHE-IDN-JANV_2026<\/a><a href=\"https:\/\/www.fore.fr\/idn\/wp-content\/uploads\/2026\/01\/A4-CA-CP-FICHE-IDN-JANV_2026.pdf\" class=\"wp-block-file__button wp-element-button\" download aria-describedby=\"wp-block-file--media-6fab6231-da89-48e9-8036-acbbcd9c4387\">T\u00e9l\u00e9charger<\/a><\/div>\n\n\n\n<hr class=\"wp-block-separator has-css-opacity is-style-wide\"\/>\n\n\n\n<figure class=\"wp-block-image size-full\"><img loading=\"lazy\" decoding=\"async\" width=\"800\" height=\"268\" src=\"https:\/\/www.fore.fr\/idn\/wp-content\/uploads\/2026\/03\/banniere-qualiopi-idn.jpg\" alt=\"\" class=\"wp-image-3645\" srcset=\"https:\/\/www.fore.fr\/idn\/wp-content\/uploads\/2026\/03\/banniere-qualiopi-idn.jpg 800w, https:\/\/www.fore.fr\/idn\/wp-content\/uploads\/2026\/03\/banniere-qualiopi-idn-300x101.jpg 300w, https:\/\/www.fore.fr\/idn\/wp-content\/uploads\/2026\/03\/banniere-qualiopi-idn-768x257.jpg 768w\" sizes=\"(max-width: 767px) 89vw, (max-width: 1000px) 54vw, (max-width: 1071px) 543px, 580px\" \/><\/figure>\n\n\n\n<p><\/p>\n","protected":false},"excerpt":{"rendered":"<p>Le Contrat d&rsquo;Apprentissage Le Contrat de Professionnalisation Acc\u00e9der aux fiches : Contrat d&rsquo;Apprentissage \/ Contrat de Professionnalisation :<\/p>\n","protected":false},"author":1,"featured_media":0,"parent":0,"menu_order":0,"comment_status":"closed","ping_status":"closed","template":"","meta":{"footnotes":""},"yoast_head":"<!-- This site is optimized with the Yoast SEO plugin v23.5 - https:\/\/yoast.com\/wordpress\/plugins\/seo\/ -->\n<title>Le Contrat d&#039;Apprentissage, c&#039;est quoi ? \/ FORE<\/title>\n<meta name=\"description\" content=\"D\u00e9couvrez les d\u00e9tails du Contrat d&#039;Apprentissage et \u00e9galement du Contrat de Professionnalisation, \u00e9galement une fiche PDF \u00e0 t\u00e9l\u00e9charger.\" \/>\n<meta name=\"robots\" content=\"index, follow, max-snippet:-1, max-image-preview:large, max-video-preview:-1\" \/>\n<link rel=\"canonical\" href=\"https:\/\/www.fore.fr\/idn\/le-contrat-dapprentissage\/\" \/>\n<meta property=\"og:locale\" content=\"fr_FR\" \/>\n<meta property=\"og:type\" content=\"article\" \/>\n<meta property=\"og:title\" content=\"Le Contrat d&#039;Apprentissage, c&#039;est quoi ? \/ FORE\" \/>\n<meta property=\"og:description\" content=\"D\u00e9couvrez les d\u00e9tails du Contrat d&#039;Apprentissage et \u00e9galement du Contrat de Professionnalisation, \u00e9galement une fiche PDF \u00e0 t\u00e9l\u00e9charger.\" \/>\n<meta property=\"og:url\" content=\"https:\/\/www.fore.fr\/idn\/le-contrat-dapprentissage\/\" \/>\n<meta property=\"og:site_name\" content=\"Formations Fore Iles du Nord\" \/>\n<meta property=\"article:publisher\" content=\"https:\/\/www.facebook.com\/Fore97\" \/>\n<meta property=\"article:modified_time\" content=\"2026-03-13T12:56:13+00:00\" \/>\n<meta property=\"og:image\" content=\"https:\/\/www.fore.fr\/idn\/wp-content\/uploads\/2026\/01\/A4-CA-CP-FICHE-IDN-JANV_2026-RECTO-724x1024.jpg\" \/>\n<meta name=\"twitter:card\" content=\"summary_large_image\" \/>\n<meta name=\"twitter:label1\" content=\"Dur\u00e9e de lecture estim\u00e9e\" \/>\n\t<meta name=\"twitter:data1\" content=\"1 minute\" \/>\n<script type=\"application\/ld+json\" class=\"yoast-schema-graph\">{\"@context\":\"https:\/\/schema.org\",\"@graph\":[{\"@type\":\"WebPage\",\"@id\":\"https:\/\/www.fore.fr\/idn\/le-contrat-dapprentissage\/\",\"url\":\"https:\/\/www.fore.fr\/idn\/le-contrat-dapprentissage\/\",\"name\":\"Le Contrat d'Apprentissage, c'est quoi ? \/ FORE\",\"isPartOf\":{\"@id\":\"https:\/\/www.fore.fr\/idn\/#website\"},\"primaryImageOfPage\":{\"@id\":\"https:\/\/www.fore.fr\/idn\/le-contrat-dapprentissage\/#primaryimage\"},\"image\":{\"@id\":\"https:\/\/www.fore.fr\/idn\/le-contrat-dapprentissage\/#primaryimage\"},\"thumbnailUrl\":\"https:\/\/www.fore.fr\/idn\/wp-content\/uploads\/2026\/01\/A4-CA-CP-FICHE-IDN-JANV_2026-RECTO-724x1024.jpg\",\"datePublished\":\"2020-05-19T15:21:24+00:00\",\"dateModified\":\"2026-03-13T12:56:13+00:00\",\"description\":\"D\u00e9couvrez les d\u00e9tails du Contrat d'Apprentissage et \u00e9galement du Contrat de Professionnalisation, \u00e9galement une fiche PDF \u00e0 t\u00e9l\u00e9charger.\",\"breadcrumb\":{\"@id\":\"https:\/\/www.fore.fr\/idn\/le-contrat-dapprentissage\/#breadcrumb\"},\"inLanguage\":\"fr-FR\",\"potentialAction\":[{\"@type\":\"ReadAction\",\"target\":[\"https:\/\/www.fore.fr\/idn\/le-contrat-dapprentissage\/\"]}]},{\"@type\":\"ImageObject\",\"inLanguage\":\"fr-FR\",\"@id\":\"https:\/\/www.fore.fr\/idn\/le-contrat-dapprentissage\/#primaryimage\",\"url\":\"https:\/\/www.fore.fr\/idn\/wp-content\/uploads\/2026\/01\/A4-CA-CP-FICHE-IDN-JANV_2026-RECTO.jpg\",\"contentUrl\":\"https:\/\/www.fore.fr\/idn\/wp-content\/uploads\/2026\/01\/A4-CA-CP-FICHE-IDN-JANV_2026-RECTO.jpg\",\"width\":1500,\"height\":2123},{\"@type\":\"BreadcrumbList\",\"@id\":\"https:\/\/www.fore.fr\/idn\/le-contrat-dapprentissage\/#breadcrumb\",\"itemListElement\":[{\"@type\":\"ListItem\",\"position\":1,\"name\":\"Accueil\",\"item\":\"https:\/\/www.fore.fr\/idn\/\"},{\"@type\":\"ListItem\",\"position\":2,\"name\":\"Le Contrat d&rsquo;Apprentissage\"}]},{\"@type\":\"WebSite\",\"@id\":\"https:\/\/www.fore.fr\/idn\/#website\",\"url\":\"https:\/\/www.fore.fr\/idn\/\",\"name\":\"Formations Fore Iles du Nord\",\"description\":\"D\u00c9COUVREZ NOTRE OFFRE DE FORMATION COMPL\u00c8TE A SAINT-MARTIN !\",\"publisher\":{\"@id\":\"https:\/\/www.fore.fr\/idn\/#organization\"},\"potentialAction\":[{\"@type\":\"SearchAction\",\"target\":{\"@type\":\"EntryPoint\",\"urlTemplate\":\"https:\/\/www.fore.fr\/idn\/?s={search_term_string}\"},\"query-input\":{\"@type\":\"PropertyValueSpecification\",\"valueRequired\":true,\"valueName\":\"search_term_string\"}}],\"inLanguage\":\"fr-FR\"},{\"@type\":\"Organization\",\"@id\":\"https:\/\/www.fore.fr\/idn\/#organization\",\"name\":\"Fore\",\"url\":\"https:\/\/www.fore.fr\/idn\/\",\"logo\":{\"@type\":\"ImageObject\",\"inLanguage\":\"fr-FR\",\"@id\":\"https:\/\/www.fore.fr\/idn\/#\/schema\/logo\/image\/\",\"url\":\"\",\"contentUrl\":\"\",\"caption\":\"Fore\"},\"image\":{\"@id\":\"https:\/\/www.fore.fr\/idn\/#\/schema\/logo\/image\/\"},\"sameAs\":[\"https:\/\/www.facebook.com\/Fore97\",\"https:\/\/www.instagram.com\/fore.formation\"]}]}<\/script>\n<!-- \/ Yoast SEO plugin. -->","yoast_head_json":{"title":"Le Contrat d'Apprentissage, c'est quoi ? \/ FORE","description":"D\u00e9couvrez les d\u00e9tails du Contrat d'Apprentissage et \u00e9galement du Contrat de Professionnalisation, \u00e9galement une fiche PDF \u00e0 t\u00e9l\u00e9charger.","robots":{"index":"index","follow":"follow","max-snippet":"max-snippet:-1","max-image-preview":"max-image-preview:large","max-video-preview":"max-video-preview:-1"},"canonical":"https:\/\/www.fore.fr\/idn\/le-contrat-dapprentissage\/","og_locale":"fr_FR","og_type":"article","og_title":"Le Contrat d'Apprentissage, c'est quoi ? \/ FORE","og_description":"D\u00e9couvrez les d\u00e9tails du Contrat d'Apprentissage et \u00e9galement du Contrat de Professionnalisation, \u00e9galement une fiche PDF \u00e0 t\u00e9l\u00e9charger.","og_url":"https:\/\/www.fore.fr\/idn\/le-contrat-dapprentissage\/","og_site_name":"Formations Fore Iles du Nord","article_publisher":"https:\/\/www.facebook.com\/Fore97","article_modified_time":"2026-03-13T12:56:13+00:00","og_image":[{"url":"https:\/\/www.fore.fr\/idn\/wp-content\/uploads\/2026\/01\/A4-CA-CP-FICHE-IDN-JANV_2026-RECTO-724x1024.jpg"}],"twitter_card":"summary_large_image","twitter_misc":{"Dur\u00e9e de lecture estim\u00e9e":"1 minute"},"schema":{"@context":"https:\/\/schema.org","@graph":[{"@type":"WebPage","@id":"https:\/\/www.fore.fr\/idn\/le-contrat-dapprentissage\/","url":"https:\/\/www.fore.fr\/idn\/le-contrat-dapprentissage\/","name":"Le Contrat d'Apprentissage, c'est quoi ? \/ FORE","isPartOf":{"@id":"https:\/\/www.fore.fr\/idn\/#website"},"primaryImageOfPage":{"@id":"https:\/\/www.fore.fr\/idn\/le-contrat-dapprentissage\/#primaryimage"},"image":{"@id":"https:\/\/www.fore.fr\/idn\/le-contrat-dapprentissage\/#primaryimage"},"thumbnailUrl":"https:\/\/www.fore.fr\/idn\/wp-content\/uploads\/2026\/01\/A4-CA-CP-FICHE-IDN-JANV_2026-RECTO-724x1024.jpg","datePublished":"2020-05-19T15:21:24+00:00","dateModified":"2026-03-13T12:56:13+00:00","description":"D\u00e9couvrez les d\u00e9tails du Contrat d'Apprentissage et \u00e9galement du Contrat de Professionnalisation, \u00e9galement une fiche PDF \u00e0 t\u00e9l\u00e9charger.","breadcrumb":{"@id":"https:\/\/www.fore.fr\/idn\/le-contrat-dapprentissage\/#breadcrumb"},"inLanguage":"fr-FR","potentialAction":[{"@type":"ReadAction","target":["https:\/\/www.fore.fr\/idn\/le-contrat-dapprentissage\/"]}]},{"@type":"ImageObject","inLanguage":"fr-FR","@id":"https:\/\/www.fore.fr\/idn\/le-contrat-dapprentissage\/#primaryimage","url":"https:\/\/www.fore.fr\/idn\/wp-content\/uploads\/2026\/01\/A4-CA-CP-FICHE-IDN-JANV_2026-RECTO.jpg","contentUrl":"https:\/\/www.fore.fr\/idn\/wp-content\/uploads\/2026\/01\/A4-CA-CP-FICHE-IDN-JANV_2026-RECTO.jpg","width":1500,"height":2123},{"@type":"BreadcrumbList","@id":"https:\/\/www.fore.fr\/idn\/le-contrat-dapprentissage\/#breadcrumb","itemListElement":[{"@type":"ListItem","position":1,"name":"Accueil","item":"https:\/\/www.fore.fr\/idn\/"},{"@type":"ListItem","position":2,"name":"Le Contrat d&rsquo;Apprentissage"}]},{"@type":"WebSite","@id":"https:\/\/www.fore.fr\/idn\/#website","url":"https:\/\/www.fore.fr\/idn\/","name":"Formations Fore Iles du Nord","description":"D\u00c9COUVREZ NOTRE OFFRE DE FORMATION COMPL\u00c8TE A SAINT-MARTIN !","publisher":{"@id":"https:\/\/www.fore.fr\/idn\/#organization"},"potentialAction":[{"@type":"SearchAction","target":{"@type":"EntryPoint","urlTemplate":"https:\/\/www.fore.fr\/idn\/?s={search_term_string}"},"query-input":{"@type":"PropertyValueSpecification","valueRequired":true,"valueName":"search_term_string"}}],"inLanguage":"fr-FR"},{"@type":"Organization","@id":"https:\/\/www.fore.fr\/idn\/#organization","name":"Fore","url":"https:\/\/www.fore.fr\/idn\/","logo":{"@type":"ImageObject","inLanguage":"fr-FR","@id":"https:\/\/www.fore.fr\/idn\/#\/schema\/logo\/image\/","url":"","contentUrl":"","caption":"Fore"},"image":{"@id":"https:\/\/www.fore.fr\/idn\/#\/schema\/logo\/image\/"},"sameAs":["https:\/\/www.facebook.com\/Fore97","https:\/\/www.instagram.com\/fore.formation"]}]}},"_links":{"self":[{"href":"https:\/\/www.fore.fr\/idn\/wp-json\/wp\/v2\/pages\/557"}],"collection":[{"href":"https:\/\/www.fore.fr\/idn\/wp-json\/wp\/v2\/pages"}],"about":[{"href":"https:\/\/www.fore.fr\/idn\/wp-json\/wp\/v2\/types\/page"}],"author":[{"embeddable":true,"href":"https:\/\/www.fore.fr\/idn\/wp-json\/wp\/v2\/users\/1"}],"replies":[{"embeddable":true,"href":"https:\/\/www.fore.fr\/idn\/wp-json\/wp\/v2\/comments?post=557"}],"version-history":[{"count":29,"href":"https:\/\/www.fore.fr\/idn\/wp-json\/wp\/v2\/pages\/557\/revisions"}],"predecessor-version":[{"id":3657,"href":"https:\/\/www.fore.fr\/idn\/wp-json\/wp\/v2\/pages\/557\/revisions\/3657"}],"wp:attachment":[{"href":"https:\/\/www.fore.fr\/idn\/wp-json\/wp\/v2\/media?parent=557"}],"curies":[{"name":"wp","href":"https:\/\/api.w.org\/{rel}","templated":true}]}}