{"id":1399,"date":"2024-01-03T22:15:50","date_gmt":"2024-01-03T21:15:50","guid":{"rendered":"http:\/\/www.fore.fr\/martinique\/?page_id=1399"},"modified":"2026-01-08T15:19:59","modified_gmt":"2026-01-08T14:19:59","slug":"le-contrat-dapprentissage","status":"publish","type":"page","link":"https:\/\/www.fore.fr\/martinique\/le-contrat-dapprentissage\/","title":{"rendered":"Le Contrat d\u2019Apprentissage"},"content":{"rendered":"\n<iframe loading=\"lazy\" src=\"https:\/\/www.facebook.com\/plugins\/video.php?height=314&#038;href=https%3A%2F%2Fwww.facebook.com%2FFore97%2Fvideos%2F4868257743225603%2F&#038;show_text=false&#038;width=560\" width=\"560\" height=\"314\" style=\"border:none;overflow:hidden\" scrolling=\"no\" frameborder=\"0\" allowfullscreen=\"true\" allow=\"autoplay; clipboard-write; encrypted-media; picture-in-picture; web-share\" allowFullScreen=\"true\"><\/iframe>\n\n\n\n<h2 class=\"wp-block-heading has-text-color\" style=\"color:#0071a1\"><strong><span style=\"color:#e70031\" class=\"has-inline-color\">Le Contrat d&rsquo;Apprentissage, c&rsquo;est quoi ?<\/span><\/strong><\/h2>\n\n\n\n<p class=\"has-text-align-left\">Le contrat d&rsquo;apprentissage est un contrat de travail \u00e9crit \u00e0 dur\u00e9e limit\u00e9e (CDD) ou \u00e0 dur\u00e9e ind\u00e9termin\u00e9e (CDI) entre un salari\u00e9 et un employeur. Il permet \u00e0 l&rsquo;apprenti de suivre une formation en alternance en entreprise sous la responsabilit\u00e9 d&rsquo;un ma\u00eetre d&rsquo;apprentissage et en centre de formation agr\u00e9\u00e9 pendant 1 \u00e0 3 ans, en vue d\u2019acqu\u00e9rir un dipl\u00f4me du CAP au Master; ou un titre \u00e0 finalit\u00e9 professionnelle, inscrit au R\u00e9pertoire National des Certifications Professionnelles.<\/p>\n\n\n\n<h2 class=\"wp-block-heading has-text-color\" style=\"color:#0071a1\"><strong><span style=\"color:#e70031\" class=\"has-inline-color\">Le Contrat d&rsquo;Apprentissage, pour qui ?<\/span><\/strong><\/h2>\n\n\n\n<p><strong><span class=\"has-inline-color has-vivid-cyan-blue-color\">C\u00d4T\u00c9 B\u00c9N\u00c9FICIAIRES <\/span><\/strong><br>\u2022 Jeunes \u00e2g\u00e9s de 16 ans minimum (sous conditions 15 ans) <br>\u2022 L\u2019\u00e2ge maximum est de 30 ans (29 ans r\u00e9volus) <br>\u2022 L\u2019apprenti b\u00e9n\u00e9ficie des m\u00eames droits que les autres salari\u00e9s de l\u2019entreprise <\/p>\n\n\n\n<p><strong><mark style=\"background-color:rgba(0, 0, 0, 0)\" class=\"has-inline-color has-vivid-cyan-blue-color\">C\u00d4T\u00c9 EMPLOYEURS<\/mark> <\/strong><br>\u2022 5 000 \u20ac pour les entreprises de moins de 250 salari\u00e9s<br>\u2022 6 000 \u20ac pour l\u2019embauche d\u2019un apprenti en situation de handicap<br>(\u00e0 partir du 1er janvier 2026)<\/p>\n\n\n\n<h2 class=\"wp-block-heading has-text-color\" style=\"color:#0071a1\"><strong><span style=\"color:#e70031\" class=\"has-inline-color\">Dur\u00e9e<\/span><\/strong><\/h2>\n\n\n\n<p>LE CONTRAT PEUT \u00caTRE D\u2019UNE DUR\u00c9E COMPRISE <span class=\"has-inline-color has-vivid-cyan-blue-color\"><strong>ENTRE 6 MOIS MINIMUM ET 36 MOIS MAXIMUM<\/strong> <\/span>AVEC UNE P\u00c9RIODE D\u2019ESSAI DE 45 JOURS. <br><br><strong><span class=\"has-inline-color has-vivid-cyan-blue-color\">EST-IL POSSIBLE DE RENOUVELER UN CONTRAT D\u2019APPRENTISSAGE \u00c0 DUR\u00c9E LIMIT\u00c9E ?<\/span> <\/strong><br>Oui, le renouvellement est possible dans certains cas : qualification sup\u00e9rieure, \u00e9chec \u00e0 l\u2019examen, etc. Le temps de travail est de 35 heures hebdomadaire, y compris le temps de formation.<\/p>\n\n\n\n<p><strong><span class=\"has-inline-color has-vivid-cyan-blue-color\">INSCRIPTIONS &amp; RENSEIGNEMENTS \/ <strong>0596 68 62 52<\/strong><\/span><\/strong><\/p>\n\n\n\n<figure class=\"wp-block-gallery has-nested-images columns-default is-cropped wp-block-gallery-1 is-layout-flex wp-block-gallery-is-layout-flex\">\n<figure class=\"wp-block-image size-large\"><a href=\"https:\/\/www.fore.fr\/martinique\/wp-content\/uploads\/2026\/01\/A4-CA-CP-FICHE-972-JANV_2026-RECTO.jpg\"><img loading=\"lazy\" decoding=\"async\" width=\"724\" height=\"1024\" data-id=\"4547\" src=\"https:\/\/www.fore.fr\/martinique\/wp-content\/uploads\/2026\/01\/A4-CA-CP-FICHE-972-JANV_2026-RECTO-724x1024.jpg\" alt=\"\" class=\"wp-image-4547\" srcset=\"https:\/\/www.fore.fr\/martinique\/wp-content\/uploads\/2026\/01\/A4-CA-CP-FICHE-972-JANV_2026-RECTO-724x1024.jpg 724w, https:\/\/www.fore.fr\/martinique\/wp-content\/uploads\/2026\/01\/A4-CA-CP-FICHE-972-JANV_2026-RECTO-212x300.jpg 212w, https:\/\/www.fore.fr\/martinique\/wp-content\/uploads\/2026\/01\/A4-CA-CP-FICHE-972-JANV_2026-RECTO-768x1087.jpg 768w, https:\/\/www.fore.fr\/martinique\/wp-content\/uploads\/2026\/01\/A4-CA-CP-FICHE-972-JANV_2026-RECTO-1085x1536.jpg 1085w, https:\/\/www.fore.fr\/martinique\/wp-content\/uploads\/2026\/01\/A4-CA-CP-FICHE-972-JANV_2026-RECTO-1447x2048.jpg 1447w, https:\/\/www.fore.fr\/martinique\/wp-content\/uploads\/2026\/01\/A4-CA-CP-FICHE-972-JANV_2026-RECTO.jpg 1500w\" sizes=\"(max-width: 724px) 100vw, 724px\" \/><\/a><\/figure>\n\n\n\n<figure class=\"wp-block-image size-large\"><a href=\"https:\/\/www.fore.fr\/martinique\/wp-content\/uploads\/2026\/01\/A4-CA-CP-FICHE-972-JANV_2026-VERSO.jpg\"><img loading=\"lazy\" decoding=\"async\" width=\"724\" height=\"1024\" data-id=\"4548\" src=\"https:\/\/www.fore.fr\/martinique\/wp-content\/uploads\/2026\/01\/A4-CA-CP-FICHE-972-JANV_2026-VERSO-724x1024.jpg\" alt=\"\" class=\"wp-image-4548\" srcset=\"https:\/\/www.fore.fr\/martinique\/wp-content\/uploads\/2026\/01\/A4-CA-CP-FICHE-972-JANV_2026-VERSO-724x1024.jpg 724w, https:\/\/www.fore.fr\/martinique\/wp-content\/uploads\/2026\/01\/A4-CA-CP-FICHE-972-JANV_2026-VERSO-212x300.jpg 212w, https:\/\/www.fore.fr\/martinique\/wp-content\/uploads\/2026\/01\/A4-CA-CP-FICHE-972-JANV_2026-VERSO-768x1087.jpg 768w, https:\/\/www.fore.fr\/martinique\/wp-content\/uploads\/2026\/01\/A4-CA-CP-FICHE-972-JANV_2026-VERSO-1085x1536.jpg 1085w, https:\/\/www.fore.fr\/martinique\/wp-content\/uploads\/2026\/01\/A4-CA-CP-FICHE-972-JANV_2026-VERSO-1447x2048.jpg 1447w, https:\/\/www.fore.fr\/martinique\/wp-content\/uploads\/2026\/01\/A4-CA-CP-FICHE-972-JANV_2026-VERSO.jpg 1500w\" sizes=\"(max-width: 724px) 100vw, 724px\" \/><\/a><\/figure>\n<\/figure>\n\n\n\n<div data-wp-interactive=\"\" class=\"wp-block-file\"><object data-wp-bind--hidden=\"!selectors.core.file.hasPdfPreview\" hidden class=\"wp-block-file__embed\" data=\"https:\/\/www.fore.fr\/martinique\/wp-content\/uploads\/2026\/01\/A4-CA-CP-FICHE-972-JANV_2026.pdf\" type=\"application\/pdf\" style=\"width:100%;height:600px\" aria-label=\"Contenu embarqu\u00e9 A4-CA-CP-FICHE-972-JANV_2026.\"><\/object><a id=\"wp-block-file--media-58bc8afa-a455-467f-9ee4-545624accc0d\" href=\"https:\/\/www.fore.fr\/martinique\/wp-content\/uploads\/2026\/01\/A4-CA-CP-FICHE-972-JANV_2026.pdf\" target=\"_blank\" rel=\"noreferrer noopener\">A4-CA-CP-FICHE-972-JANV_2026<\/a><a href=\"https:\/\/www.fore.fr\/martinique\/wp-content\/uploads\/2026\/01\/A4-CA-CP-FICHE-972-JANV_2026.pdf\" class=\"wp-block-file__button wp-element-button\" download aria-describedby=\"wp-block-file--media-58bc8afa-a455-467f-9ee4-545624accc0d\">T\u00e9l\u00e9charger<\/a><\/div>\n\n\n\n<figure class=\"wp-block-image size-full\"><img loading=\"lazy\" decoding=\"async\" width=\"800\" height=\"268\" src=\"https:\/\/www.fore.fr\/martinique\/wp-content\/uploads\/2022\/06\/banniere-qualiopi-martinique.jpg\" alt=\"\" class=\"wp-image-2767\" srcset=\"https:\/\/www.fore.fr\/martinique\/wp-content\/uploads\/2022\/06\/banniere-qualiopi-martinique.jpg 800w, https:\/\/www.fore.fr\/martinique\/wp-content\/uploads\/2022\/06\/banniere-qualiopi-martinique-300x101.jpg 300w, https:\/\/www.fore.fr\/martinique\/wp-content\/uploads\/2022\/06\/banniere-qualiopi-martinique-768x257.jpg 768w\" sizes=\"(max-width: 767px) 89vw, (max-width: 1000px) 54vw, (max-width: 1071px) 543px, 580px\" \/><\/figure>\n","protected":false},"excerpt":{"rendered":"<p>Le Contrat d&rsquo;Apprentissage, c&rsquo;est quoi ? Le contrat d&rsquo;apprentissage est un contrat de travail \u00e9crit \u00e0 dur\u00e9e limit\u00e9e (CDD) ou \u00e0 dur\u00e9e ind\u00e9termin\u00e9e (CDI) entre un salari\u00e9 et un employeur. Il permet \u00e0 l&rsquo;apprenti de suivre une formation en alternance en entreprise sous la responsabilit\u00e9 d&rsquo;un ma\u00eetre d&rsquo;apprentissage et en centre de formation agr\u00e9\u00e9 pendant &hellip; <\/p>\n<p class=\"link-more\"><a href=\"https:\/\/www.fore.fr\/martinique\/le-contrat-dapprentissage\/\" class=\"more-link\">Continuer la lecture<span class=\"screen-reader-text\"> de &laquo;&nbsp;Le Contrat d\u2019Apprentissage&nbsp;&raquo;<\/span><\/a><\/p>\n","protected":false},"author":1,"featured_media":0,"parent":0,"menu_order":0,"comment_status":"closed","ping_status":"open","template":"","meta":{"footnotes":""},"yoast_head":"<!-- This site is optimized with the Yoast SEO plugin v23.5 - https:\/\/yoast.com\/wordpress\/plugins\/seo\/ -->\n<title>Le Contrat d\u2019Apprentissage Formations Fore Martinique<\/title>\n<meta name=\"description\" content=\"Le contrat d&#039;apprentissage est un contrat de travail \u00e9crit \u00e0 dur\u00e9e limit\u00e9e (CDD) ou \u00e0 dur\u00e9e ind\u00e9termin\u00e9e (CDI) entre un salari\u00e9 et un employeur.\" \/>\n<meta name=\"robots\" content=\"index, follow, max-snippet:-1, max-image-preview:large, max-video-preview:-1\" \/>\n<link rel=\"canonical\" href=\"https:\/\/www.fore.fr\/martinique\/le-contrat-dapprentissage\/\" \/>\n<meta property=\"og:locale\" content=\"fr_FR\" \/>\n<meta property=\"og:type\" content=\"article\" \/>\n<meta property=\"og:title\" content=\"Le Contrat d\u2019Apprentissage Formations Fore Martinique\" \/>\n<meta property=\"og:description\" content=\"Le contrat d&#039;apprentissage est un contrat de travail \u00e9crit \u00e0 dur\u00e9e limit\u00e9e (CDD) ou \u00e0 dur\u00e9e ind\u00e9termin\u00e9e (CDI) entre un salari\u00e9 et un employeur.\" \/>\n<meta property=\"og:url\" content=\"https:\/\/www.fore.fr\/martinique\/le-contrat-dapprentissage\/\" \/>\n<meta property=\"og:site_name\" content=\"Formations Fore Martinique\" \/>\n<meta property=\"article:publisher\" content=\"https:\/\/www.facebook.com\/Fore97\" \/>\n<meta property=\"article:modified_time\" content=\"2026-01-08T14:19:59+00:00\" \/>\n<meta property=\"og:image\" content=\"https:\/\/www.fore.fr\/martinique\/wp-content\/uploads\/2026\/01\/A4-CA-CP-FICHE-972-JANV_2026-RECTO-724x1024.jpg\" \/>\n<meta name=\"twitter:card\" content=\"summary_large_image\" \/>\n<meta name=\"twitter:label1\" content=\"Dur\u00e9e de lecture estim\u00e9e\" \/>\n\t<meta name=\"twitter:data1\" content=\"2 minutes\" \/>\n<script type=\"application\/ld+json\" class=\"yoast-schema-graph\">{\"@context\":\"https:\/\/schema.org\",\"@graph\":[{\"@type\":\"WebPage\",\"@id\":\"https:\/\/www.fore.fr\/martinique\/le-contrat-dapprentissage\/\",\"url\":\"https:\/\/www.fore.fr\/martinique\/le-contrat-dapprentissage\/\",\"name\":\"Le Contrat d\u2019Apprentissage Formations Fore Martinique\",\"isPartOf\":{\"@id\":\"https:\/\/www.fore.fr\/martinique\/#website\"},\"primaryImageOfPage\":{\"@id\":\"https:\/\/www.fore.fr\/martinique\/le-contrat-dapprentissage\/#primaryimage\"},\"image\":{\"@id\":\"https:\/\/www.fore.fr\/martinique\/le-contrat-dapprentissage\/#primaryimage\"},\"thumbnailUrl\":\"https:\/\/www.fore.fr\/martinique\/wp-content\/uploads\/2026\/01\/A4-CA-CP-FICHE-972-JANV_2026-RECTO-724x1024.jpg\",\"datePublished\":\"2024-01-03T21:15:50+00:00\",\"dateModified\":\"2026-01-08T14:19:59+00:00\",\"description\":\"Le contrat d'apprentissage est un contrat de travail \u00e9crit \u00e0 dur\u00e9e limit\u00e9e (CDD) ou \u00e0 dur\u00e9e ind\u00e9termin\u00e9e (CDI) entre un salari\u00e9 et un employeur.\",\"breadcrumb\":{\"@id\":\"https:\/\/www.fore.fr\/martinique\/le-contrat-dapprentissage\/#breadcrumb\"},\"inLanguage\":\"fr-FR\",\"potentialAction\":[{\"@type\":\"ReadAction\",\"target\":[\"https:\/\/www.fore.fr\/martinique\/le-contrat-dapprentissage\/\"]}]},{\"@type\":\"ImageObject\",\"inLanguage\":\"fr-FR\",\"@id\":\"https:\/\/www.fore.fr\/martinique\/le-contrat-dapprentissage\/#primaryimage\",\"url\":\"https:\/\/www.fore.fr\/martinique\/wp-content\/uploads\/2026\/01\/A4-CA-CP-FICHE-972-JANV_2026-RECTO.jpg\",\"contentUrl\":\"https:\/\/www.fore.fr\/martinique\/wp-content\/uploads\/2026\/01\/A4-CA-CP-FICHE-972-JANV_2026-RECTO.jpg\",\"width\":1500,\"height\":2123},{\"@type\":\"BreadcrumbList\",\"@id\":\"https:\/\/www.fore.fr\/martinique\/le-contrat-dapprentissage\/#breadcrumb\",\"itemListElement\":[{\"@type\":\"ListItem\",\"position\":1,\"name\":\"Accueil\",\"item\":\"https:\/\/www.fore.fr\/martinique\/\"},{\"@type\":\"ListItem\",\"position\":2,\"name\":\"Le Contrat d\u2019Apprentissage\"}]},{\"@type\":\"WebSite\",\"@id\":\"https:\/\/www.fore.fr\/martinique\/#website\",\"url\":\"https:\/\/www.fore.fr\/martinique\/\",\"name\":\"Formations Fore Martinique\",\"description\":\"D\u00c9COUVREZ NOTRE OFFRE DE FORMATION COMPL\u00c8TE EN ALTERNANCE &amp; CONTINUE EN MARTINIQUE\",\"publisher\":{\"@id\":\"https:\/\/www.fore.fr\/martinique\/#organization\"},\"potentialAction\":[{\"@type\":\"SearchAction\",\"target\":{\"@type\":\"EntryPoint\",\"urlTemplate\":\"https:\/\/www.fore.fr\/martinique\/?s={search_term_string}\"},\"query-input\":{\"@type\":\"PropertyValueSpecification\",\"valueRequired\":true,\"valueName\":\"search_term_string\"}}],\"inLanguage\":\"fr-FR\"},{\"@type\":\"Organization\",\"@id\":\"https:\/\/www.fore.fr\/martinique\/#organization\",\"name\":\"Fore\",\"url\":\"https:\/\/www.fore.fr\/martinique\/\",\"logo\":{\"@type\":\"ImageObject\",\"inLanguage\":\"fr-FR\",\"@id\":\"https:\/\/www.fore.fr\/martinique\/#\/schema\/logo\/image\/\",\"url\":\"\",\"contentUrl\":\"\",\"caption\":\"Fore\"},\"image\":{\"@id\":\"https:\/\/www.fore.fr\/martinique\/#\/schema\/logo\/image\/\"},\"sameAs\":[\"https:\/\/www.facebook.com\/Fore97\",\"https:\/\/www.instagram.com\/fore.formation\"]}]}<\/script>\n<!-- \/ Yoast SEO plugin. -->","yoast_head_json":{"title":"Le Contrat d\u2019Apprentissage Formations Fore Martinique","description":"Le contrat d'apprentissage est un contrat de travail \u00e9crit \u00e0 dur\u00e9e limit\u00e9e (CDD) ou \u00e0 dur\u00e9e ind\u00e9termin\u00e9e (CDI) entre un salari\u00e9 et un employeur.","robots":{"index":"index","follow":"follow","max-snippet":"max-snippet:-1","max-image-preview":"max-image-preview:large","max-video-preview":"max-video-preview:-1"},"canonical":"https:\/\/www.fore.fr\/martinique\/le-contrat-dapprentissage\/","og_locale":"fr_FR","og_type":"article","og_title":"Le Contrat d\u2019Apprentissage Formations Fore Martinique","og_description":"Le contrat d'apprentissage est un contrat de travail \u00e9crit \u00e0 dur\u00e9e limit\u00e9e (CDD) ou \u00e0 dur\u00e9e ind\u00e9termin\u00e9e (CDI) entre un salari\u00e9 et un employeur.","og_url":"https:\/\/www.fore.fr\/martinique\/le-contrat-dapprentissage\/","og_site_name":"Formations Fore Martinique","article_publisher":"https:\/\/www.facebook.com\/Fore97","article_modified_time":"2026-01-08T14:19:59+00:00","og_image":[{"url":"https:\/\/www.fore.fr\/martinique\/wp-content\/uploads\/2026\/01\/A4-CA-CP-FICHE-972-JANV_2026-RECTO-724x1024.jpg"}],"twitter_card":"summary_large_image","twitter_misc":{"Dur\u00e9e de lecture estim\u00e9e":"2 minutes"},"schema":{"@context":"https:\/\/schema.org","@graph":[{"@type":"WebPage","@id":"https:\/\/www.fore.fr\/martinique\/le-contrat-dapprentissage\/","url":"https:\/\/www.fore.fr\/martinique\/le-contrat-dapprentissage\/","name":"Le Contrat d\u2019Apprentissage Formations Fore Martinique","isPartOf":{"@id":"https:\/\/www.fore.fr\/martinique\/#website"},"primaryImageOfPage":{"@id":"https:\/\/www.fore.fr\/martinique\/le-contrat-dapprentissage\/#primaryimage"},"image":{"@id":"https:\/\/www.fore.fr\/martinique\/le-contrat-dapprentissage\/#primaryimage"},"thumbnailUrl":"https:\/\/www.fore.fr\/martinique\/wp-content\/uploads\/2026\/01\/A4-CA-CP-FICHE-972-JANV_2026-RECTO-724x1024.jpg","datePublished":"2024-01-03T21:15:50+00:00","dateModified":"2026-01-08T14:19:59+00:00","description":"Le contrat d'apprentissage est un contrat de travail \u00e9crit \u00e0 dur\u00e9e limit\u00e9e (CDD) ou \u00e0 dur\u00e9e ind\u00e9termin\u00e9e (CDI) entre un salari\u00e9 et un employeur.","breadcrumb":{"@id":"https:\/\/www.fore.fr\/martinique\/le-contrat-dapprentissage\/#breadcrumb"},"inLanguage":"fr-FR","potentialAction":[{"@type":"ReadAction","target":["https:\/\/www.fore.fr\/martinique\/le-contrat-dapprentissage\/"]}]},{"@type":"ImageObject","inLanguage":"fr-FR","@id":"https:\/\/www.fore.fr\/martinique\/le-contrat-dapprentissage\/#primaryimage","url":"https:\/\/www.fore.fr\/martinique\/wp-content\/uploads\/2026\/01\/A4-CA-CP-FICHE-972-JANV_2026-RECTO.jpg","contentUrl":"https:\/\/www.fore.fr\/martinique\/wp-content\/uploads\/2026\/01\/A4-CA-CP-FICHE-972-JANV_2026-RECTO.jpg","width":1500,"height":2123},{"@type":"BreadcrumbList","@id":"https:\/\/www.fore.fr\/martinique\/le-contrat-dapprentissage\/#breadcrumb","itemListElement":[{"@type":"ListItem","position":1,"name":"Accueil","item":"https:\/\/www.fore.fr\/martinique\/"},{"@type":"ListItem","position":2,"name":"Le Contrat d\u2019Apprentissage"}]},{"@type":"WebSite","@id":"https:\/\/www.fore.fr\/martinique\/#website","url":"https:\/\/www.fore.fr\/martinique\/","name":"Formations Fore Martinique","description":"D\u00c9COUVREZ NOTRE OFFRE DE FORMATION COMPL\u00c8TE EN ALTERNANCE &amp; CONTINUE EN MARTINIQUE","publisher":{"@id":"https:\/\/www.fore.fr\/martinique\/#organization"},"potentialAction":[{"@type":"SearchAction","target":{"@type":"EntryPoint","urlTemplate":"https:\/\/www.fore.fr\/martinique\/?s={search_term_string}"},"query-input":{"@type":"PropertyValueSpecification","valueRequired":true,"valueName":"search_term_string"}}],"inLanguage":"fr-FR"},{"@type":"Organization","@id":"https:\/\/www.fore.fr\/martinique\/#organization","name":"Fore","url":"https:\/\/www.fore.fr\/martinique\/","logo":{"@type":"ImageObject","inLanguage":"fr-FR","@id":"https:\/\/www.fore.fr\/martinique\/#\/schema\/logo\/image\/","url":"","contentUrl":"","caption":"Fore"},"image":{"@id":"https:\/\/www.fore.fr\/martinique\/#\/schema\/logo\/image\/"},"sameAs":["https:\/\/www.facebook.com\/Fore97","https:\/\/www.instagram.com\/fore.formation"]}]}},"_links":{"self":[{"href":"https:\/\/www.fore.fr\/martinique\/wp-json\/wp\/v2\/pages\/1399"}],"collection":[{"href":"https:\/\/www.fore.fr\/martinique\/wp-json\/wp\/v2\/pages"}],"about":[{"href":"https:\/\/www.fore.fr\/martinique\/wp-json\/wp\/v2\/types\/page"}],"author":[{"embeddable":true,"href":"https:\/\/www.fore.fr\/martinique\/wp-json\/wp\/v2\/users\/1"}],"replies":[{"embeddable":true,"href":"https:\/\/www.fore.fr\/martinique\/wp-json\/wp\/v2\/comments?post=1399"}],"version-history":[{"count":25,"href":"https:\/\/www.fore.fr\/martinique\/wp-json\/wp\/v2\/pages\/1399\/revisions"}],"predecessor-version":[{"id":4552,"href":"https:\/\/www.fore.fr\/martinique\/wp-json\/wp\/v2\/pages\/1399\/revisions\/4552"}],"wp:attachment":[{"href":"https:\/\/www.fore.fr\/martinique\/wp-json\/wp\/v2\/media?parent=1399"}],"curies":[{"name":"wp","href":"https:\/\/api.w.org\/{rel}","templated":true}]}}