{"id":2,"date":"2020-04-23T18:08:47","date_gmt":"2020-04-23T16:08:47","guid":{"rendered":"http:\/\/www.fore.fr\/apprentissage\/?page_id=2"},"modified":"2026-03-18T21:50:45","modified_gmt":"2026-03-18T20:50:45","slug":"formations-apprentissage","status":"publish","type":"page","link":"https:\/\/www.fore.fr\/martinique\/","title":{"rendered":"Fore Martinique"},"content":{"rendered":"\n<h2 class=\"wp-block-heading has-text-color\" id=\"bienvenue-sur-le-site-fore-martinique\" style=\"color:#0071a1\"><strong><span class=\"has-inline-color\" style=\"color: #e70031;\">Bienvenue sur le site Fore Martinique !<\/span><\/strong><\/h2>\n\n\n\n<p><strong>D\u00e9couvrez notre offre compl\u00e8te de Formation en Alternance.<\/strong><\/p>\n\n\n\n<div class=\"wp-block-columns is-layout-flex wp-container-core-columns-layout-1 wp-block-columns-is-layout-flex\">\n<div class=\"wp-block-column is-layout-flow wp-block-column-is-layout-flow\">\n<h6 class=\"wp-block-heading has-text-align-center has-text-color\" id=\"management-commercial-marketing\" style=\"color:#0071a1\"><strong><mark style=\"background-color:rgba(0, 0, 0, 0);color: #e70031;\" class=\"has-inline-color\"><a href=\"https:\/\/www.fore.fr\/martinique\/management-commercial-marketing\/\">Management Commercial Marketing<\/a><\/mark><\/strong><\/h6>\n\n\n\n<figure class=\"wp-block-image size-full\"><a href=\"https:\/\/www.fore.fr\/martinique\/management-commercial-marketing\/\"><img loading=\"lazy\" decoding=\"async\" width=\"945\" height=\"945\" src=\"https:\/\/www.fore.fr\/martinique\/wp-content\/uploads\/2022\/02\/carre-marketing.jpg\" alt=\"\" class=\"wp-image-1844\" srcset=\"https:\/\/www.fore.fr\/martinique\/wp-content\/uploads\/2022\/02\/carre-marketing.jpg 945w, https:\/\/www.fore.fr\/martinique\/wp-content\/uploads\/2022\/02\/carre-marketing-300x300.jpg 300w, https:\/\/www.fore.fr\/martinique\/wp-content\/uploads\/2022\/02\/carre-marketing-150x150.jpg 150w, https:\/\/www.fore.fr\/martinique\/wp-content\/uploads\/2022\/02\/carre-marketing-768x768.jpg 768w, https:\/\/www.fore.fr\/martinique\/wp-content\/uploads\/2022\/02\/carre-marketing-100x100.jpg 100w\" sizes=\"(max-width: 767px) 89vw, (max-width: 1000px) 54vw, (max-width: 1071px) 543px, 580px\" \/><\/a><\/figure>\n<\/div>\n\n\n\n<div class=\"wp-block-column is-layout-flow wp-block-column-is-layout-flow\">\n<h6 class=\"wp-block-heading has-text-align-center has-text-color\" id=\"management-commercial-marketing\" style=\"color:#0071a1\"><strong><mark style=\"background-color:rgba(0, 0, 0, 0);color: #e70031;\" class=\"has-inline-color\"><a href=\"https:\/\/www.fore.fr\/martinique\/transport-logistique\/\">Transport <\/a><\/mark><\/strong><br><strong><mark style=\"background-color:rgba(0, 0, 0, 0);color: #e70031;\" class=\"has-inline-color\"><a href=\"https:\/\/www.fore.fr\/martinique\/transport-logistique\/\">Logistique<\/a><\/mark><\/strong><\/h6>\n\n\n\n<figure class=\"wp-block-image size-full\"><a href=\"https:\/\/www.fore.fr\/martinique\/transport-logistique\/\"><img loading=\"lazy\" decoding=\"async\" width=\"945\" height=\"945\" src=\"https:\/\/www.fore.fr\/martinique\/wp-content\/uploads\/2022\/02\/carre-logostique.jpg\" alt=\"\" class=\"wp-image-1845\" srcset=\"https:\/\/www.fore.fr\/martinique\/wp-content\/uploads\/2022\/02\/carre-logostique.jpg 945w, https:\/\/www.fore.fr\/martinique\/wp-content\/uploads\/2022\/02\/carre-logostique-300x300.jpg 300w, https:\/\/www.fore.fr\/martinique\/wp-content\/uploads\/2022\/02\/carre-logostique-150x150.jpg 150w, https:\/\/www.fore.fr\/martinique\/wp-content\/uploads\/2022\/02\/carre-logostique-768x768.jpg 768w, https:\/\/www.fore.fr\/martinique\/wp-content\/uploads\/2022\/02\/carre-logostique-100x100.jpg 100w\" sizes=\"(max-width: 767px) 89vw, (max-width: 1000px) 54vw, (max-width: 1071px) 543px, 580px\" \/><\/a><\/figure>\n<\/div>\n\n\n\n<div class=\"wp-block-column is-layout-flow wp-block-column-is-layout-flow\">\n<h6 class=\"wp-block-heading has-text-align-center has-text-color\" id=\"management-commercial-marketing\" style=\"color:#0071a1\"><strong><mark style=\"background-color:rgba(0, 0, 0, 0);color: #e70031;\" class=\"has-inline-color\"><a href=\"https:\/\/www.fore.fr\/martinique\/gestion-assistanat\/\">Gestion <\/a><\/mark><\/strong><br><strong><mark style=\"background-color:rgba(0, 0, 0, 0);color: #e70031;\" class=\"has-inline-color\"><a href=\"https:\/\/www.fore.fr\/martinique\/gestion-assistanat\/\">Assistanat<\/a><\/mark><\/strong><\/h6>\n\n\n\n<figure class=\"wp-block-image size-full\"><a href=\"https:\/\/www.fore.fr\/martinique\/gestion-assistanat\/\"><img loading=\"lazy\" decoding=\"async\" width=\"945\" height=\"945\" src=\"https:\/\/www.fore.fr\/martinique\/wp-content\/uploads\/2022\/02\/carre-gestion.jpg\" alt=\"\" class=\"wp-image-1846\" srcset=\"https:\/\/www.fore.fr\/martinique\/wp-content\/uploads\/2022\/02\/carre-gestion.jpg 945w, https:\/\/www.fore.fr\/martinique\/wp-content\/uploads\/2022\/02\/carre-gestion-300x300.jpg 300w, https:\/\/www.fore.fr\/martinique\/wp-content\/uploads\/2022\/02\/carre-gestion-150x150.jpg 150w, https:\/\/www.fore.fr\/martinique\/wp-content\/uploads\/2022\/02\/carre-gestion-768x768.jpg 768w, https:\/\/www.fore.fr\/martinique\/wp-content\/uploads\/2022\/02\/carre-gestion-100x100.jpg 100w\" sizes=\"(max-width: 767px) 89vw, (max-width: 1000px) 54vw, (max-width: 1071px) 543px, 580px\" \/><\/a><\/figure>\n<\/div>\n<\/div>\n\n\n\n<p>D\u00e9couvrez nos r\u00e9sultats 2023 &gt;&gt;&nbsp;<strong><a href=\"https:\/\/www.fore.fr\/martinique\/wp-content\/uploads\/2024\/06\/Resultats-2023-FORE-Martinique.pdf\" target=\"_blank\" rel=\"noreferrer noopener\">T\u00e9l\u00e9charger les RESULTATS FORE 2023<\/a><\/strong><\/p>\n\n\n\n<div data-wp-interactive=\"\" class=\"wp-block-file\"><object data-wp-bind--hidden=\"!selectors.core.file.hasPdfPreview\" hidden class=\"wp-block-file__embed\" data=\"https:\/\/www.fore.fr\/martinique\/wp-content\/uploads\/2024\/06\/Resultats-2023-FORE-Martinique.pdf\" type=\"application\/pdf\" style=\"width:100%;height:600px\" aria-label=\"Contenu embarqu\u00e9 Re\u0301sultats 2023 FORE Martinique.\"><\/object><a id=\"wp-block-file--media-13e8b1c3-939f-4689-821b-bad6ade56703\" href=\"https:\/\/www.fore.fr\/martinique\/wp-content\/uploads\/2024\/06\/Resultats-2023-FORE-Martinique.pdf\">Re\u0301sultats 2023 FORE Martinique<\/a><a href=\"https:\/\/www.fore.fr\/martinique\/wp-content\/uploads\/2024\/06\/Resultats-2023-FORE-Martinique.pdf\" class=\"wp-block-file__button wp-element-button\" download aria-describedby=\"wp-block-file--media-13e8b1c3-939f-4689-821b-bad6ade56703\">T\u00e9l\u00e9charger<\/a><\/div>\n\n\n\n<figure class=\"wp-block-video\"><video controls src=\"https:\/\/www.fore.fr\/martinique\/wp-content\/uploads\/2023\/07\/2.Version-30s-Mtq-Cine\u0301.mp4\"><\/video><\/figure>\n\n\n\n<hr class=\"wp-block-separator has-css-opacity\"\/>\n\n\n<p><iframe loading=\"lazy\" style=\"border: none; overflow: hidden;\" src=\"https:\/\/www.facebook.com\/plugins\/video.php?height=476&amp;href=https%3A%2F%2Fwww.facebook.com%2Ffore.martinique%2Fvideos%2F277653774458555%2F&amp;show_text=false&amp;width=267&amp;t=0\" width=\"267\" height=\"476\" frameborder=\"0\" scrolling=\"no\" allowfullscreen=\"allowfullscreen\"><\/iframe><\/p>\n<\/p>\n\n\n<h2 class=\"wp-block-heading has-text-color\" id=\"le-contrat-d-apprentissage-c-est-quoi\" style=\"color:#0071a1\"><strong><span class=\"has-inline-color\" style=\"color: #e70031;\">Le Contrat d&rsquo;Apprentissage, c&rsquo;est quoi ?<\/span><\/strong><\/h2>\n\n\n\n<p class=\"has-text-align-left\">Le contrat d&rsquo;apprentissage est un contrat de travail \u00e9crit \u00e0 dur\u00e9e limit\u00e9e (CDD) ou \u00e0 dur\u00e9e ind\u00e9termin\u00e9e (CDI) entre un salari\u00e9 et un employeur. Il permet \u00e0 l&rsquo;apprenti de suivre une formation en alternance en entreprise sous la responsabilit\u00e9 d&rsquo;un ma\u00eetre d&rsquo;apprentissage et en centre de formation agr\u00e9\u00e9 pendant 1 \u00e0 3 ans, en vue d\u2019acqu\u00e9rir un dipl\u00f4me du CAP au Master; ou un titre \u00e0 finalit\u00e9 professionnelle, inscrit au R\u00e9pertoire National des Certifications Professionnelles.<\/p>\n\n\n\n<h2 class=\"wp-block-heading has-text-color\" style=\"color:#0071a1\"><strong><span style=\"background-color:rgba(0, 0, 0, 0);color:#e70031\" class=\"has-inline-color\">Le Contrat d&rsquo;Apprentissage, pour qui ?<\/span><\/strong><\/h2>\n\n\n\n<p><strong><span class=\"has-inline-color has-vivid-cyan-blue-color\">C\u00d4T\u00c9 B\u00c9N\u00c9FICIAIRES <\/span><\/strong><br>\u2022 Jeunes \u00e2g\u00e9s de 16 ans minimum (sous conditions 15 ans) <br>\u2022 L\u2019\u00e2ge maximum est de 30 ans (29 ans r\u00e9volus) <br>\u2022 L\u2019apprenti b\u00e9n\u00e9ficie des m\u00eames droits que les autres salari\u00e9s de l\u2019entreprise <\/p>\n\n\n\n<p><strong><mark style=\"background-color:rgba(0, 0, 0, 0)\" class=\"has-inline-color has-vivid-cyan-blue-color\">C\u00d4T\u00c9 EMPLOYEURS<\/mark> <\/strong><br>\u2022 5 000 \u20ac pour les entreprises de moins de 250 salari\u00e9s<br>(pour un dipl\u00f4me jusqu\u2019au niveau BAC+2, la 1\u00e8re ann\u00e9e)<br>\u2022 6 000 \u20ac pour l\u2019embauche d\u2019un apprenti en situation de handicap<br>(\u00e0 partir du 1er janvier 2026)<br><\/p>\n\n\n\n<p>DEUX TYPES D\u2019AIDES<br>L\u2019aide unique (AU) : pour les entreprises de \u2013 de 250 salari\u00e9s, applicable aux contrats<br>d\u2019apprentissage jusqu\u2019au niveau 4 (CAP, Bac pro, BP).<br>L\u2019aide exceptionnelle (AE) : pour toutes les entreprises, applicable aux contrats du niveau 5 \u00e0 7 (BTS \u00e0 Master).<\/p>\n\n\n\n<p>LE CONTRAT PEUT \u00caTRE D\u2019UNE DUR\u00c9E COMPRISE <span class=\"has-inline-color has-vivid-cyan-blue-color\"><strong>ENTRE 6 MOIS MINIMUM ET 36 MOIS MAXIMUM<\/strong> <\/span>AVEC UNE P\u00c9RIODE D\u2019ESSAI DE 45 JOURS. <br><br><strong><span class=\"has-inline-color has-vivid-cyan-blue-color\">EST-IL POSSIBLE DE RENOUVELER UN CONTRAT D\u2019APPRENTISSAGE \u00c0 DUR\u00c9E LIMIT\u00c9E ?<\/span> <\/strong><br>Oui, le renouvellement est possible dans certains cas : qualification sup\u00e9rieure, \u00e9chec \u00e0 l\u2019examen, etc. Le temps de travail est de 35 heures hebdomadaire, y compris le temps de formation.<\/p>\n\n\n\n<p><strong><span class=\"has-inline-color has-vivid-cyan-blue-color\">INSCRIPTIONS &amp; INFORMATIONS \/ <strong>0596 68 62 52<\/strong><\/span><\/strong><\/p>\n\n\n\n<figure class=\"wp-block-image size-large\"><img loading=\"lazy\" decoding=\"async\" width=\"724\" height=\"1024\" src=\"https:\/\/www.fore.fr\/martinique\/wp-content\/uploads\/2026\/03\/FORE-MARTINIQUE-AIDE-ETAT-2026-724x1024.jpg\" alt=\"\" class=\"wp-image-4631\" srcset=\"https:\/\/www.fore.fr\/martinique\/wp-content\/uploads\/2026\/03\/FORE-MARTINIQUE-AIDE-ETAT-2026-724x1024.jpg 724w, https:\/\/www.fore.fr\/martinique\/wp-content\/uploads\/2026\/03\/FORE-MARTINIQUE-AIDE-ETAT-2026-212x300.jpg 212w, https:\/\/www.fore.fr\/martinique\/wp-content\/uploads\/2026\/03\/FORE-MARTINIQUE-AIDE-ETAT-2026-768x1087.jpg 768w, https:\/\/www.fore.fr\/martinique\/wp-content\/uploads\/2026\/03\/FORE-MARTINIQUE-AIDE-ETAT-2026.jpg 1000w\" sizes=\"(max-width: 724px) 100vw, 724px\" \/><\/figure>\n\n\n\n<figure class=\"wp-block-image size-full\"><img loading=\"lazy\" decoding=\"async\" width=\"800\" height=\"268\" src=\"https:\/\/www.fore.fr\/martinique\/wp-content\/uploads\/2022\/06\/banniere-qualiopi-martinique.jpg\" alt=\"\" class=\"wp-image-2767\" srcset=\"https:\/\/www.fore.fr\/martinique\/wp-content\/uploads\/2022\/06\/banniere-qualiopi-martinique.jpg 800w, https:\/\/www.fore.fr\/martinique\/wp-content\/uploads\/2022\/06\/banniere-qualiopi-martinique-300x101.jpg 300w, https:\/\/www.fore.fr\/martinique\/wp-content\/uploads\/2022\/06\/banniere-qualiopi-martinique-768x257.jpg 768w\" sizes=\"(max-width: 767px) 89vw, (max-width: 1000px) 54vw, (max-width: 1071px) 543px, 580px\" \/><\/figure>\n\n\n\n<div data-wp-interactive=\"\" class=\"wp-block-file\"><object data-wp-bind--hidden=\"!selectors.core.file.hasPdfPreview\" hidden class=\"wp-block-file__embed\" data=\"https:\/\/www.fore.fr\/martinique\/wp-content\/uploads\/2023\/06\/Certificat-fore-martinique.pdf\" type=\"application\/pdf\" style=\"width:100%;height:600px\" aria-label=\"Contenu embarqu\u00e9 Certificat-fore-martinique.\"><\/object><a id=\"wp-block-file--media-51da2394-f0d9-4edc-a9d2-2799527d1be5\" href=\"https:\/\/www.fore.fr\/martinique\/wp-content\/uploads\/2023\/06\/Certificat-fore-martinique.pdf\">Certificat-fore-martinique<\/a><a href=\"https:\/\/www.fore.fr\/martinique\/wp-content\/uploads\/2023\/06\/Certificat-fore-martinique.pdf\" class=\"wp-block-file__button wp-element-button\" download aria-describedby=\"wp-block-file--media-51da2394-f0d9-4edc-a9d2-2799527d1be5\">T\u00e9l\u00e9charger<\/a><\/div>\n\n\n\n<div data-wp-interactive=\"\" class=\"wp-block-file\"><object data-wp-bind--hidden=\"!selectors.core.file.hasPdfPreview\" hidden class=\"wp-block-file__embed\" data=\"https:\/\/www.fore.fr\/martinique\/wp-content\/uploads\/2024\/06\/FORE-MARTINIQUE-REGLEMENT-INTERIEUR.pdf\" type=\"application\/pdf\" style=\"width:100%;height:600px\" aria-label=\"Contenu embarqu\u00e9 FORE-MARTINIQUE-REGLEMENT-INTERIEUR.\"><\/object><a id=\"wp-block-file--media-46702108-bb23-49d1-ae2c-5ad057adea61\" href=\"https:\/\/www.fore.fr\/martinique\/wp-content\/uploads\/2024\/06\/FORE-MARTINIQUE-REGLEMENT-INTERIEUR.pdf\">FORE-MARTINIQUE-REGLEMENT-INTERIEUR<\/a><a href=\"https:\/\/www.fore.fr\/martinique\/wp-content\/uploads\/2024\/06\/FORE-MARTINIQUE-REGLEMENT-INTERIEUR.pdf\" class=\"wp-block-file__button wp-element-button\" download aria-describedby=\"wp-block-file--media-46702108-bb23-49d1-ae2c-5ad057adea61\">T\u00e9l\u00e9charger<\/a><\/div>\n","protected":false},"excerpt":{"rendered":"<p>Bienvenue sur le site Fore Martinique ! D\u00e9couvrez notre offre compl\u00e8te de Formation en Alternance. Management Commercial Marketing Transport Logistique Gestion Assistanat D\u00e9couvrez nos r\u00e9sultats 2023 &gt;&gt;&nbsp;T\u00e9l\u00e9charger les RESULTATS FORE 2023 Le Contrat d&rsquo;Apprentissage, c&rsquo;est quoi ? Le contrat d&rsquo;apprentissage est un contrat de travail \u00e9crit \u00e0 dur\u00e9e limit\u00e9e (CDD) ou \u00e0 dur\u00e9e ind\u00e9termin\u00e9e (CDI) &hellip; <\/p>\n<p class=\"link-more\"><a href=\"https:\/\/www.fore.fr\/martinique\/\" class=\"more-link\">Continuer la lecture<span class=\"screen-reader-text\"> de &laquo;&nbsp;Fore Martinique&nbsp;&raquo;<\/span><\/a><\/p>\n","protected":false},"author":1,"featured_media":0,"parent":0,"menu_order":0,"comment_status":"closed","ping_status":"open","template":"","meta":{"footnotes":""},"yoast_head":"<!-- This site is optimized with the Yoast SEO plugin v23.5 - https:\/\/yoast.com\/wordpress\/plugins\/seo\/ -->\n<title>Bienvenue - Formations Fore Martinique<\/title>\n<meta name=\"description\" content=\"D\u00e9couvrez notre offre compl\u00e8te de formations en Apprentissage et Professionnelles en Martinique. Formations Fore Martinique\" \/>\n<meta name=\"robots\" content=\"index, follow, max-snippet:-1, max-image-preview:large, max-video-preview:-1\" \/>\n<link rel=\"canonical\" href=\"https:\/\/www.fore.fr\/martinique\/\" \/>\n<meta property=\"og:locale\" content=\"fr_FR\" \/>\n<meta property=\"og:type\" content=\"article\" \/>\n<meta property=\"og:title\" content=\"Bienvenue - Formations Fore Martinique\" \/>\n<meta property=\"og:description\" content=\"D\u00e9couvrez notre offre compl\u00e8te de formations en Apprentissage et Professionnelles en Martinique. Formations Fore Martinique\" \/>\n<meta property=\"og:url\" content=\"https:\/\/www.fore.fr\/martinique\/\" \/>\n<meta property=\"og:site_name\" content=\"Formations Fore Martinique\" \/>\n<meta property=\"article:publisher\" content=\"https:\/\/www.facebook.com\/Fore97\" \/>\n<meta property=\"article:modified_time\" content=\"2026-03-18T20:50:45+00:00\" \/>\n<meta property=\"og:image\" content=\"https:\/\/www.fore.fr\/martinique\/wp-content\/uploads\/2022\/02\/carre-marketing.jpg\" \/>\n<meta name=\"twitter:card\" content=\"summary_large_image\" \/>\n<meta name=\"twitter:label1\" content=\"Dur\u00e9e de lecture estim\u00e9e\" \/>\n\t<meta name=\"twitter:data1\" content=\"3 minutes\" \/>\n<script type=\"application\/ld+json\" class=\"yoast-schema-graph\">{\"@context\":\"https:\/\/schema.org\",\"@graph\":[{\"@type\":\"WebPage\",\"@id\":\"https:\/\/www.fore.fr\/martinique\/\",\"url\":\"https:\/\/www.fore.fr\/martinique\/\",\"name\":\"Bienvenue - Formations Fore Martinique\",\"isPartOf\":{\"@id\":\"https:\/\/www.fore.fr\/martinique\/#website\"},\"primaryImageOfPage\":{\"@id\":\"https:\/\/www.fore.fr\/martinique\/#primaryimage\"},\"image\":{\"@id\":\"https:\/\/www.fore.fr\/martinique\/#primaryimage\"},\"thumbnailUrl\":\"https:\/\/www.fore.fr\/martinique\/wp-content\/uploads\/2022\/02\/carre-marketing.jpg\",\"datePublished\":\"2020-04-23T16:08:47+00:00\",\"dateModified\":\"2026-03-18T20:50:45+00:00\",\"description\":\"D\u00e9couvrez notre offre compl\u00e8te de formations en Apprentissage et Professionnelles en Martinique. Formations Fore Martinique\",\"breadcrumb\":{\"@id\":\"https:\/\/www.fore.fr\/martinique\/#breadcrumb\"},\"inLanguage\":\"fr-FR\",\"potentialAction\":[{\"@type\":\"ReadAction\",\"target\":[\"https:\/\/www.fore.fr\/martinique\/\"]}]},{\"@type\":\"ImageObject\",\"inLanguage\":\"fr-FR\",\"@id\":\"https:\/\/www.fore.fr\/martinique\/#primaryimage\",\"url\":\"https:\/\/www.fore.fr\/martinique\/wp-content\/uploads\/2022\/02\/carre-marketing.jpg\",\"contentUrl\":\"https:\/\/www.fore.fr\/martinique\/wp-content\/uploads\/2022\/02\/carre-marketing.jpg\",\"width\":945,\"height\":945},{\"@type\":\"BreadcrumbList\",\"@id\":\"https:\/\/www.fore.fr\/martinique\/#breadcrumb\",\"itemListElement\":[{\"@type\":\"ListItem\",\"position\":1,\"name\":\"Accueil\",\"item\":\"https:\/\/www.fore.fr\/martinique\/\"},{\"@type\":\"ListItem\",\"position\":2,\"name\":\"Fore Martinique\"}]},{\"@type\":\"WebSite\",\"@id\":\"https:\/\/www.fore.fr\/martinique\/#website\",\"url\":\"https:\/\/www.fore.fr\/martinique\/\",\"name\":\"Formations Fore Martinique\",\"description\":\"D\u00c9COUVREZ NOTRE OFFRE DE FORMATION COMPL\u00c8TE EN ALTERNANCE &amp; CONTINUE EN MARTINIQUE\",\"publisher\":{\"@id\":\"https:\/\/www.fore.fr\/martinique\/#organization\"},\"potentialAction\":[{\"@type\":\"SearchAction\",\"target\":{\"@type\":\"EntryPoint\",\"urlTemplate\":\"https:\/\/www.fore.fr\/martinique\/?s={search_term_string}\"},\"query-input\":{\"@type\":\"PropertyValueSpecification\",\"valueRequired\":true,\"valueName\":\"search_term_string\"}}],\"inLanguage\":\"fr-FR\"},{\"@type\":\"Organization\",\"@id\":\"https:\/\/www.fore.fr\/martinique\/#organization\",\"name\":\"Fore\",\"url\":\"https:\/\/www.fore.fr\/martinique\/\",\"logo\":{\"@type\":\"ImageObject\",\"inLanguage\":\"fr-FR\",\"@id\":\"https:\/\/www.fore.fr\/martinique\/#\/schema\/logo\/image\/\",\"url\":\"\",\"contentUrl\":\"\",\"caption\":\"Fore\"},\"image\":{\"@id\":\"https:\/\/www.fore.fr\/martinique\/#\/schema\/logo\/image\/\"},\"sameAs\":[\"https:\/\/www.facebook.com\/Fore97\",\"https:\/\/www.instagram.com\/fore.formation\"]}]}<\/script>\n<!-- \/ Yoast SEO plugin. -->","yoast_head_json":{"title":"Bienvenue - Formations Fore Martinique","description":"D\u00e9couvrez notre offre compl\u00e8te de formations en Apprentissage et Professionnelles en Martinique. Formations Fore Martinique","robots":{"index":"index","follow":"follow","max-snippet":"max-snippet:-1","max-image-preview":"max-image-preview:large","max-video-preview":"max-video-preview:-1"},"canonical":"https:\/\/www.fore.fr\/martinique\/","og_locale":"fr_FR","og_type":"article","og_title":"Bienvenue - Formations Fore Martinique","og_description":"D\u00e9couvrez notre offre compl\u00e8te de formations en Apprentissage et Professionnelles en Martinique. Formations Fore Martinique","og_url":"https:\/\/www.fore.fr\/martinique\/","og_site_name":"Formations Fore Martinique","article_publisher":"https:\/\/www.facebook.com\/Fore97","article_modified_time":"2026-03-18T20:50:45+00:00","og_image":[{"url":"https:\/\/www.fore.fr\/martinique\/wp-content\/uploads\/2022\/02\/carre-marketing.jpg"}],"twitter_card":"summary_large_image","twitter_misc":{"Dur\u00e9e de lecture estim\u00e9e":"3 minutes"},"schema":{"@context":"https:\/\/schema.org","@graph":[{"@type":"WebPage","@id":"https:\/\/www.fore.fr\/martinique\/","url":"https:\/\/www.fore.fr\/martinique\/","name":"Bienvenue - Formations Fore Martinique","isPartOf":{"@id":"https:\/\/www.fore.fr\/martinique\/#website"},"primaryImageOfPage":{"@id":"https:\/\/www.fore.fr\/martinique\/#primaryimage"},"image":{"@id":"https:\/\/www.fore.fr\/martinique\/#primaryimage"},"thumbnailUrl":"https:\/\/www.fore.fr\/martinique\/wp-content\/uploads\/2022\/02\/carre-marketing.jpg","datePublished":"2020-04-23T16:08:47+00:00","dateModified":"2026-03-18T20:50:45+00:00","description":"D\u00e9couvrez notre offre compl\u00e8te de formations en Apprentissage et Professionnelles en Martinique. Formations Fore Martinique","breadcrumb":{"@id":"https:\/\/www.fore.fr\/martinique\/#breadcrumb"},"inLanguage":"fr-FR","potentialAction":[{"@type":"ReadAction","target":["https:\/\/www.fore.fr\/martinique\/"]}]},{"@type":"ImageObject","inLanguage":"fr-FR","@id":"https:\/\/www.fore.fr\/martinique\/#primaryimage","url":"https:\/\/www.fore.fr\/martinique\/wp-content\/uploads\/2022\/02\/carre-marketing.jpg","contentUrl":"https:\/\/www.fore.fr\/martinique\/wp-content\/uploads\/2022\/02\/carre-marketing.jpg","width":945,"height":945},{"@type":"BreadcrumbList","@id":"https:\/\/www.fore.fr\/martinique\/#breadcrumb","itemListElement":[{"@type":"ListItem","position":1,"name":"Accueil","item":"https:\/\/www.fore.fr\/martinique\/"},{"@type":"ListItem","position":2,"name":"Fore Martinique"}]},{"@type":"WebSite","@id":"https:\/\/www.fore.fr\/martinique\/#website","url":"https:\/\/www.fore.fr\/martinique\/","name":"Formations Fore Martinique","description":"D\u00c9COUVREZ NOTRE OFFRE DE FORMATION COMPL\u00c8TE EN ALTERNANCE &amp; CONTINUE EN MARTINIQUE","publisher":{"@id":"https:\/\/www.fore.fr\/martinique\/#organization"},"potentialAction":[{"@type":"SearchAction","target":{"@type":"EntryPoint","urlTemplate":"https:\/\/www.fore.fr\/martinique\/?s={search_term_string}"},"query-input":{"@type":"PropertyValueSpecification","valueRequired":true,"valueName":"search_term_string"}}],"inLanguage":"fr-FR"},{"@type":"Organization","@id":"https:\/\/www.fore.fr\/martinique\/#organization","name":"Fore","url":"https:\/\/www.fore.fr\/martinique\/","logo":{"@type":"ImageObject","inLanguage":"fr-FR","@id":"https:\/\/www.fore.fr\/martinique\/#\/schema\/logo\/image\/","url":"","contentUrl":"","caption":"Fore"},"image":{"@id":"https:\/\/www.fore.fr\/martinique\/#\/schema\/logo\/image\/"},"sameAs":["https:\/\/www.facebook.com\/Fore97","https:\/\/www.instagram.com\/fore.formation"]}]}},"_links":{"self":[{"href":"https:\/\/www.fore.fr\/martinique\/wp-json\/wp\/v2\/pages\/2"}],"collection":[{"href":"https:\/\/www.fore.fr\/martinique\/wp-json\/wp\/v2\/pages"}],"about":[{"href":"https:\/\/www.fore.fr\/martinique\/wp-json\/wp\/v2\/types\/page"}],"author":[{"embeddable":true,"href":"https:\/\/www.fore.fr\/martinique\/wp-json\/wp\/v2\/users\/1"}],"replies":[{"embeddable":true,"href":"https:\/\/www.fore.fr\/martinique\/wp-json\/wp\/v2\/comments?post=2"}],"version-history":[{"count":88,"href":"https:\/\/www.fore.fr\/martinique\/wp-json\/wp\/v2\/pages\/2\/revisions"}],"predecessor-version":[{"id":4635,"href":"https:\/\/www.fore.fr\/martinique\/wp-json\/wp\/v2\/pages\/2\/revisions\/4635"}],"wp:attachment":[{"href":"https:\/\/www.fore.fr\/martinique\/wp-json\/wp\/v2\/media?parent=2"}],"curies":[{"name":"wp","href":"https:\/\/api.w.org\/{rel}","templated":true}]}}